{"id":3765,"date":"2018-04-23T04:47:50","date_gmt":"2018-04-23T04:47:50","guid":{"rendered":"http:\/\/mixlifehost.com\/multiolhar\/?page_id=3765"},"modified":"2021-05-03T14:25:44","modified_gmt":"2021-05-03T14:25:44","slug":"home","status":"publish","type":"page","link":"https:\/\/www.multiolhar.pt\/site\/","title":{"rendered":"Home"},"content":{"rendered":"<p>[vc_section full_width=&#8221;stretch_row&#8221; css=&#8221;.vc_custom_1569511320325{margin-top: 0px !important;margin-bottom: 0px !important;padding-top: 0px !important;padding-bottom: 0px !important;background: #f2f2f2 url(https:\/\/multiolhar.pt\/wp-content\/uploads\/2018\/04\/Home-Seven-Banner-Background-Image.png?id=3149) !important;background-position: 0 0 !important;background-repeat: no-repeat !important;}&#8221; el_class=&#8221;background-position-left-top&#8221;][vc_row][vc_column]\n\t\t\t<!-- START Slider Home REVOLUTION SLIDER 6.1.2 --><p class=\"rs-p-wp-fix\"><\/p>\n\t\t\t<rs-module-wrap id=\"rev_slider_4_1_wrapper\" data-source=\"gallery\" style=\"background:transparent;padding:0;margin:0px auto;margin-top:0;margin-bottom:0;\">\n\t\t\t\t<rs-module id=\"rev_slider_4_1\" style=\"display:none;\" data-version=\"6.1.2\">\n\t\t\t\t\t<rs-slides>\n\t\t\t\t\t\t<rs-slide data-key=\"rs-4\" data-title=\"Slide\" data-anim=\"ei:d;eo:d;s:d,d;r:0;t:slotzoom-vertical,parallaxtobottom;sl:d,d;\">\n\t\t\t\t\t\t\t<img src=\"\/\/www.multiolhar.pt\/site\/wp-content\/uploads\/2019\/09\/slide5.jpg\" title=\"slide5\" width=\"2800\" height=\"700\" data-parallax=\"13\" data-panzoom=\"d:10000;e:Back.easeInOut;ss:100;se:120;\" class=\"rev-slidebg\" data-no-retina>\n<!--\n\t\t\t\t\t\t\t--><rs-layer\n\t\t\t\t\t\t\t\tid=\"slider-4-slide-4-layer-1\" \n\t\t\t\t\t\t\t\tdata-type=\"text\"\n\t\t\t\t\t\t\t\tdata-color=\"#ff871c||#ff871c||#ffffff||#ffffff\"\n\t\t\t\t\t\t\t\tdata-rsp_ch=\"on\"\n\t\t\t\t\t\t\t\tdata-xy=\"x:l,l,c,c;xo:1px,1px,5px,-14px;y:t,t,m,b;yo:376px,376px,63px,124px;\"\n\t\t\t\t\t\t\t\tdata-text=\"s:80,80,80,35;l:80,80,100,35;ls:-7px,-7px,-4px,-2px;fw:700;a:left,left,center,center;\"\n\t\t\t\t\t\t\t\tdata-dim=\"w:1140px,1140px,auto,auto;\"\n\t\t\t\t\t\t\t\tdata-frame_0=\"y:100%;tp:600;\"\n\t\t\t\t\t\t\t\tdata-frame_0_mask=\"u:t;y:100%;\"\n\t\t\t\t\t\t\t\tdata-frame_1=\"tp:600;e:Power2.easeInOut;sp:2000;sR:10;\"\n\t\t\t\t\t\t\t\tdata-frame_1_mask=\"u:t;\"\n\t\t\t\t\t\t\t\tdata-frame_999=\"o:0;tp:600;st:w;sR:6990;\"\n\t\t\t\t\t\t\t\tstyle=\"z-index:5;font-family:Poppins;\"\n\t\t\t\t\t\t\t>ARMA\u00c7\u00d5ES E<br>\nLENTES <br>\nOFT\u00c1LMICAS \n\t\t\t\t\t\t\t<\/rs-layer><!--\n\n\t\t\t\t\t\t\t--><rs-layer\n\t\t\t\t\t\t\t\tid=\"slider-4-slide-4-layer-3\" \n\t\t\t\t\t\t\t\tdata-type=\"text\"\n\t\t\t\t\t\t\t\tdata-color=\"#3d3d3d||#3d3d3d||#ffffff||#ffffff\"\n\t\t\t\t\t\t\t\tdata-rsp_ch=\"on\"\n\t\t\t\t\t\t\t\tdata-xy=\"x:l,l,c,c;xo:2px,2px,7px,0;y:m,m,m,b;yo:264px,264px,219px,41px;\"\n\t\t\t\t\t\t\t\tdata-text=\"s:20,20,18,15;l:20,20,40,24;ls:2px,2px,1px,1px;fw:500;a:left,left,center,center;\"\n\t\t\t\t\t\t\t\tdata-frame_0=\"y:100%;tp:600;\"\n\t\t\t\t\t\t\t\tdata-frame_0_mask=\"u:t;y:100%;\"\n\t\t\t\t\t\t\t\tdata-frame_1=\"tp:600;e:Power2.easeInOut;sp:2000;sR:10;\"\n\t\t\t\t\t\t\t\tdata-frame_1_mask=\"u:t;\"\n\t\t\t\t\t\t\t\tdata-frame_999=\"o:0;tp:600;st:w;sR:6990;\"\n\t\t\t\t\t\t\t\tstyle=\"z-index:6;font-family:Poppins;\"\n\t\t\t\t\t\t\t>Na MULTIOLHAR temos o cuidado \n<br>de olhar pela sua vis\u00e3o at\u00e9 ao mais \u00ednfimo pormenor. \n\t\t\t\t\t\t\t<\/rs-layer><!--\n-->\t\t\t\t\t\t<\/rs-slide>\n\t\t\t\t\t\t<rs-slide data-key=\"rs-6\" data-title=\"Slide\" data-anim=\"ei:d;eo:d;s:d,d;r:0;t:slotzoom-vertical,parallaxtobottom;sl:d,d;\">\n\t\t\t\t\t\t\t<img src=\"\/\/www.multiolhar.pt\/site\/wp-content\/uploads\/2019\/09\/slide3.jpg\" title=\"slide3\" width=\"2800\" height=\"700\" data-parallax=\"13\" data-panzoom=\"d:10000;e:Back.easeInOut;ss:100;se:120;\" class=\"rev-slidebg\" data-no-retina>\n<!--\n\t\t\t\t\t\t\t--><rs-layer\n\t\t\t\t\t\t\t\tid=\"slider-4-slide-6-layer-1\" \n\t\t\t\t\t\t\t\tdata-type=\"text\"\n\t\t\t\t\t\t\t\tdata-rsp_ch=\"on\"\n\t\t\t\t\t\t\t\tdata-xy=\"x:l,l,c,c;xo:1px,1px,5px,-14px;y:t,t,m,b;yo:416px,416px,63px,124px;\"\n\t\t\t\t\t\t\t\tdata-text=\"s:80,80,80,35;l:80,80,100,35;ls:-7px,-7px,-4px,-2px;fw:700;a:left,left,center,center;\"\n\t\t\t\t\t\t\t\tdata-dim=\"w:1140px,1140px,auto,auto;\"\n\t\t\t\t\t\t\t\tdata-frame_0=\"y:100%;tp:600;\"\n\t\t\t\t\t\t\t\tdata-frame_0_mask=\"u:t;y:100%;\"\n\t\t\t\t\t\t\t\tdata-frame_1=\"tp:600;e:Power2.easeInOut;sp:2000;sR:10;\"\n\t\t\t\t\t\t\t\tdata-frame_1_mask=\"u:t;\"\n\t\t\t\t\t\t\t\tdata-frame_999=\"o:0;tp:600;st:w;sR:6990;\"\n\t\t\t\t\t\t\t\tstyle=\"z-index:5;font-family:Poppins;\"\n\t\t\t\t\t\t\t>\u00d3CULOS DE SOL<br>\n\u00daNICOS E ELEGANTES \n\t\t\t\t\t\t\t<\/rs-layer><!--\n\n\t\t\t\t\t\t\t--><rs-layer\n\t\t\t\t\t\t\t\tid=\"slider-4-slide-6-layer-3\" \n\t\t\t\t\t\t\t\tdata-type=\"text\"\n\t\t\t\t\t\t\t\tdata-rsp_ch=\"on\"\n\t\t\t\t\t\t\t\tdata-xy=\"x:l,l,c,c;xo:2px,2px,7px,0;y:m,m,m,b;yo:208px,208px,219px,41px;\"\n\t\t\t\t\t\t\t\tdata-text=\"s:20,20,18,15;l:20,20,40,24;ls:2px,2px,1px,1px;fw:500;a:left,left,center,center;\"\n\t\t\t\t\t\t\t\tdata-frame_0=\"y:100%;tp:600;\"\n\t\t\t\t\t\t\t\tdata-frame_0_mask=\"u:t;y:100%;\"\n\t\t\t\t\t\t\t\tdata-frame_1=\"tp:600;e:Power2.easeInOut;sp:2000;sR:10;\"\n\t\t\t\t\t\t\t\tdata-frame_1_mask=\"u:t;\"\n\t\t\t\t\t\t\t\tdata-frame_999=\"o:0;tp:600;st:w;sR:6990;\"\n\t\t\t\t\t\t\t\tstyle=\"z-index:6;font-family:Poppins;\"\n\t\t\t\t\t\t\t>Na MULTIOLHAR temos o cuidado \n<br>de olhar pela sua vis\u00e3o at\u00e9 ao mais \u00ednfimo pormenor. \n\t\t\t\t\t\t\t<\/rs-layer><!--\n-->\t\t\t\t\t\t<\/rs-slide>\n\t\t\t\t\t\t<rs-slide data-key=\"rs-7\" data-title=\"Slide\" data-anim=\"ei:d;eo:d;s:d,d;r:0;t:slotzoom-vertical,parallaxtobottom;sl:d,d;\">\n\t\t\t\t\t\t\t<img src=\"\/\/www.multiolhar.pt\/site\/wp-content\/uploads\/2019\/09\/slide2.jpg\" title=\"slide2\" width=\"2800\" height=\"700\" data-parallax=\"13\" data-panzoom=\"d:10000;e:Back.easeInOut;ss:100;se:120;\" class=\"rev-slidebg\" data-no-retina>\n<!--\n\t\t\t\t\t\t\t--><rs-layer\n\t\t\t\t\t\t\t\tid=\"slider-4-slide-7-layer-1\" \n\t\t\t\t\t\t\t\tdata-type=\"text\"\n\t\t\t\t\t\t\t\tdata-rsp_ch=\"on\"\n\t\t\t\t\t\t\t\tdata-xy=\"x:l,l,c,c;xo:1px,1px,5px,-14px;y:t,t,m,b;yo:416px,416px,63px,124px;\"\n\t\t\t\t\t\t\t\tdata-text=\"s:80,80,80,35;l:80,80,100,35;ls:-7px,-7px,-4px,-2px;fw:700;a:left,left,center,center;\"\n\t\t\t\t\t\t\t\tdata-dim=\"w:1140px,1140px,auto,auto;\"\n\t\t\t\t\t\t\t\tdata-frame_0=\"y:100%;tp:600;\"\n\t\t\t\t\t\t\t\tdata-frame_0_mask=\"u:t;y:100%;\"\n\t\t\t\t\t\t\t\tdata-frame_1=\"tp:600;e:Power2.easeInOut;sp:2000;sR:10;\"\n\t\t\t\t\t\t\t\tdata-frame_1_mask=\"u:t;\"\n\t\t\t\t\t\t\t\tdata-frame_999=\"o:0;tp:600;st:w;sR:6990;\"\n\t\t\t\t\t\t\t\tstyle=\"z-index:5;font-family:Poppins;\"\n\t\t\t\t\t\t\t>PERSONALIZE<br>\nA SUA IMAGEM \n\t\t\t\t\t\t\t<\/rs-layer><!--\n\n\t\t\t\t\t\t\t--><rs-layer\n\t\t\t\t\t\t\t\tid=\"slider-4-slide-7-layer-3\" \n\t\t\t\t\t\t\t\tdata-type=\"text\"\n\t\t\t\t\t\t\t\tdata-rsp_ch=\"on\"\n\t\t\t\t\t\t\t\tdata-xy=\"x:l,l,c,c;xo:2px,2px,7px,0;y:m,m,m,b;yo:208px,208px,219px,41px;\"\n\t\t\t\t\t\t\t\tdata-text=\"s:20,20,18,15;l:20,20,40,24;ls:2px,2px,1px,1px;fw:500;a:left,left,center,center;\"\n\t\t\t\t\t\t\t\tdata-frame_0=\"y:100%;tp:600;\"\n\t\t\t\t\t\t\t\tdata-frame_0_mask=\"u:t;y:100%;\"\n\t\t\t\t\t\t\t\tdata-frame_1=\"tp:600;e:Power2.easeInOut;sp:2000;sR:10;\"\n\t\t\t\t\t\t\t\tdata-frame_1_mask=\"u:t;\"\n\t\t\t\t\t\t\t\tdata-frame_999=\"o:0;tp:600;st:w;sR:6990;\"\n\t\t\t\t\t\t\t\tstyle=\"z-index:6;font-family:Poppins;\"\n\t\t\t\t\t\t\t>Na MULTIOLHAR temos o cuidado \n<br>de olhar pela sua vis\u00e3o at\u00e9 ao mais <br>\u00ednfimo pormenor. \n\t\t\t\t\t\t\t<\/rs-layer><!--\n-->\t\t\t\t\t\t<\/rs-slide>\n\t\t\t\t\t<\/rs-slides>\n\t\t\t\t\t<rs-progress class=\"rs-bottom\" style=\"visibility: hidden !important;\"><\/rs-progress>\n\t\t\t\t<\/rs-module>\n\t\t\t\t<script type=\"text\/javascript\">\n\t\t\t\t\tsetREVStartSize({c: 'rev_slider_4_1',rl:[1240,1240,778,480],el:[800,800,600,600],gw:[1150,1150,778,480],gh:[800,800,600,600],layout:'fullwidth',mh:\"0\"});\n\t\t\t\t\tvar\trevapi4,\n\t\t\t\t\t\ttpj;\n\t\t\t\t\tjQuery(function() {\n\t\t\t\t\t\ttpj = jQuery;\n\t\t\t\t\t\tif(tpj(\"#rev_slider_4_1\").revolution == undefined){\n\t\t\t\t\t\t\trevslider_showDoubleJqueryError(\"#rev_slider_4_1\");\n\t\t\t\t\t\t}else{\n\t\t\t\t\t\t\trevapi4 = tpj(\"#rev_slider_4_1\").show().revolution({\n\t\t\t\t\t\t\t\tjsFileLocation:\"\/\/www.multiolhar.pt\/site\/wp-content\/plugins\/revslider\/public\/assets\/js\/\",\n\t\t\t\t\t\t\t\tsliderLayout:\"fullwidth\",\n\t\t\t\t\t\t\t\tduration:\"5000ms\",\n\t\t\t\t\t\t\t\tvisibilityLevels:\"1240,1240,778,480\",\n\t\t\t\t\t\t\t\tgridwidth:\"1150,1150,778,480\",\n\t\t\t\t\t\t\t\tgridheight:\"800,800,600,600\",\n\t\t\t\t\t\t\t\tminHeight:\"\",\n\t\t\t\t\t\t\t\tspinner:\"spinner0\",\n\t\t\t\t\t\t\t\teditorheight:\"800,768,600,600\",\n\t\t\t\t\t\t\t\tresponsiveLevels:\"1240,1240,778,480\",\n\t\t\t\t\t\t\t\tdisableProgressBar:\"on\",\n\t\t\t\t\t\t\t\tshuffle:true,\n\t\t\t\t\t\t\t\tnavigation: {\n\t\t\t\t\t\t\t\t\tonHoverStop:false\n\t\t\t\t\t\t\t\t},\n\t\t\t\t\t\t\t\tparallax: {\n\t\t\t\t\t\t\t\t\tlevels:[5,10,15,20,25,30,35,40,45,46,47,48,49,50,51,55],\n\t\t\t\t\t\t\t\t\ttype:\"mouse\",\n\t\t\t\t\t\t\t\t\torigo:\"slidercenter\"\n\t\t\t\t\t\t\t\t},\n\t\t\t\t\t\t\t\tfallbacks: {\n\t\t\t\t\t\t\t\t\tallowHTML5AutoPlayOnAndroid:true\n\t\t\t\t\t\t\t\t},\n\t\t\t\t\t\t\t});\n\t\t\t\t\t\t}\n\t\t\t\t\t\t\n\t\t\t\t\t});\n\t\t\t\t<\/script>\n\t\t\t<\/rs-module-wrap>\n\t\t\t<!-- END REVOLUTION SLIDER -->\n[\/vc_column][\/vc_row][vc_row][vc_column][\/vc_column][\/vc_row][\/vc_section][vc_section full_width=&#8221;stretch_row&#8221; css=&#8221;.vc_custom_1569839990086{margin-top: 0px !important;margin-bottom: 0px !important;padding-top: 0px !important;padding-bottom: 0px !important;background-color: #e5eaea !important;}&#8221;][vc_row full_width=&#8221;stretch_row&#8221; css=&#8221;.vc_custom_1523952827196{margin-top: 0px !important;margin-bottom: 0px !important;padding-top: 0px !important;padding-bottom: 50px !important;}&#8221;][vc_column css=&#8221;.vc_custom_1523949992561{padding-top: 0px !important;padding-bottom: 0px !important;}&#8221;][vc_empty_space height=&#8221;72px&#8221;][vc_custom_heading text=&#8221;Prezamos por servi\u00e7os de excel\u00eancia<br \/>\ncom excelentes profissionais e tecnologia<br \/>\nde \u00faltima gera\u00e7\u00e3o.&#8221; font_container=&#8221;tag:h2|font_size:40px|text_align:center|color:%23364343|line_height:51px&#8221; use_theme_fonts=&#8221;yes&#8221; css=&#8221;.vc_custom_1569840111079{margin-top: 0px !important;margin-bottom: 27px !important;}&#8221;][vc_column_text css=&#8221;.vc_custom_1569837213555{margin-top: 0px !important;margin-bottom: 0px !important;}&#8221;]<\/p>\n<p style=\"text-align: center;\">Selecionamos cuidadosamente cada modelo para refletir os diferentes estilos e formatos de rosto, assim vai sempre encontrar os \u00f3culos ideais.<\/p>\n<p>[\/vc_column_text][\/vc_column][\/vc_row][vc_row full_width=&#8221;stretch_row&#8221; css=&#8221;.vc_custom_1523952626811{margin-top: 0px !important;margin-bottom: 0px !important;padding-top: 0px !important;padding-bottom: 80px !important;}&#8221;][vc_column css_animation=&#8221;fadeInUp&#8221; width=&#8221;1\/3&#8243; css=&#8221;.vc_custom_1530098661300{margin-top: 0px !important;margin-bottom: 40px !important;padding-top: 0px !important;padding-bottom: 0px !important;}&#8221; el_class=&#8221;iconbox-slide-up-on-hover&#8221;][vc_single_image image=&#8221;8972&#8243; img_size=&#8221;full&#8221; alignment=&#8221;center&#8221; style=&#8221;vc_box_rounded&#8221; onclick=&#8221;custom_link&#8221; link=&#8221;#&#8221; css=&#8221;.vc_custom_1569838834691{margin-bottom: 15px !important;padding-bottom: 0px !important;}&#8221;][vc_custom_heading text=&#8221;AS MELHORES MARCAS&#8221; font_container=&#8221;tag:h4|font_size:20px|text_align:center|color:%23364343|line_height:30px&#8221; use_theme_fonts=&#8221;yes&#8221; css=&#8221;.vc_custom_1569840140441{margin-top: 0px !important;margin-bottom: 0px !important;padding-top: 0px !important;padding-bottom: 0px !important;}&#8221; el_class=&#8221;font-weight-medium&#8221;][vc_column_text]<\/p>\n<p style=\"text-align: center;\">Encontre os modelos mais elegantes e pr\u00e1ticos para o seu olhar.<\/p>\n<p>[\/vc_column_text][\/vc_column][vc_column css_animation=&#8221;fadeInUp&#8221; width=&#8221;1\/3&#8243; css=&#8221;.vc_custom_1530098666673{margin-top: 0px !important;margin-bottom: 40px !important;padding-top: 0px !important;padding-bottom: 0px !important;}&#8221; el_class=&#8221;iconbox-slide-up-on-hover&#8221;][vc_single_image image=&#8221;8973&#8243; img_size=&#8221;full&#8221; alignment=&#8221;center&#8221; style=&#8221;vc_box_rounded&#8221; onclick=&#8221;custom_link&#8221; link=&#8221;#&#8221; css=&#8221;.vc_custom_1569838819278{margin-bottom: 15px !important;padding-bottom: 0px !important;}&#8221;][vc_custom_heading text=&#8221;PROTOCOLOS&#8221; font_container=&#8221;tag:h4|font_size:20px|text_align:center|color:%23364343|line_height:30px&#8221; use_theme_fonts=&#8221;yes&#8221; css=&#8221;.vc_custom_1569840146528{margin-top: 0px !important;margin-bottom: 0px !important;padding-top: 0px !important;padding-bottom: 0px !important;}&#8221; el_class=&#8221;font-weight-medium&#8221;][vc_column_text]<\/p>\n<p style=\"text-align: center;\">Disp\u00f4mos de v\u00e1rios acordos e protocolos com v\u00e1rias institui\u00e7\u00f5es.<\/p>\n<p>[\/vc_column_text][\/vc_column][vc_column css_animation=&#8221;fadeInUp&#8221; width=&#8221;1\/3&#8243; css=&#8221;.vc_custom_1530098672041{margin-top: 0px !important;margin-bottom: 40px !important;padding-top: 0px !important;padding-bottom: 0px !important;}&#8221; el_class=&#8221;iconbox-slide-up-on-hover&#8221;][vc_single_image image=&#8221;8971&#8243; img_size=&#8221;full&#8221; alignment=&#8221;center&#8221; style=&#8221;vc_box_rounded&#8221; onclick=&#8221;custom_link&#8221; link=&#8221;#&#8221; css=&#8221;.vc_custom_1569838810831{margin-bottom: 15px !important;padding-bottom: 0px !important;}&#8221;][vc_custom_heading text=&#8221;MARQUE A SUA CONSULTA&#8221; font_container=&#8221;tag:h4|font_size:20px|text_align:center|color:%23364343|line_height:30px&#8221; use_theme_fonts=&#8221;yes&#8221; css=&#8221;.vc_custom_1569840153312{margin-top: 0px !important;margin-bottom: 0px !important;padding-top: 0px !important;padding-bottom: 0px !important;}&#8221; el_class=&#8221;font-weight-medium&#8221;][vc_column_text]<\/p>\n<p style=\"text-align: center;\">Fa\u00e7a uma marca\u00e7\u00e3o pr\u00e9via nos diversos servi\u00e7os na nossa cl\u00ednica.<\/p>\n<p>[\/vc_column_text][\/vc_column][\/vc_row][\/vc_section][vc_section full_width=&#8221;stretch_row&#8221; css=&#8221;.vc_custom_1523953726572{margin-top: 0px !important;margin-bottom: 0px !important;padding-top: 0px !important;padding-bottom: 0px !important;background: #ffffff url(https:\/\/multiolhar.pt\/wp-content\/uploads\/2018\/04\/Home-Seven-Solution-Background-Image.png?id=3191) !important;background-position: center !important;background-repeat: no-repeat !important;background-size: cover !important;}&#8221;][vc_row full_width=&#8221;stretch_row_content_no_spaces&#8221; css=&#8221;.vc_custom_1523949295812{margin-top: 0px !important;margin-bottom: 0px !important;padding-top: 0px !important;padding-bottom: 0px !important;}&#8221;][vc_column css=&#8221;.vc_custom_1523949302098{padding-top: 0px !important;padding-bottom: 0px !important;}&#8221;][vc_raw_html css=&#8221;.vc_custom_1569839998559{margin-top: 0px !important;margin-bottom: 0px !important;}&#8221;]JTNDc3ZnJTIwcHJlc2VydmVBc3BlY3RSYXRpbyUzRCUyMm5vbmUlMjIlMjB2ZXJzaW9uJTNEJTIyMS4xJTIyJTIwd2lkdGglM0QlMjIxNjAwJTIyJTIwaGVpZ2h0JTNEJTIyMjQwJTIyJTIwdmlld0JveCUzRCUyMjAlMjAwJTIwMTYwMCUyMDI0MCUyMiUyMHN0eWxlJTNEJTIyd2lkdGglM0ExMDAlMjUlM0IlMjBmbG9hdCUzQWxlZnQlM0IlMjIlM0UlM0Nwb2x5Z29uJTIwZmlsbCUzRCUyMiUyM2U1ZWFlYSUyMiUyMHBvaW50cyUzRCUyMjAlMkMwJTIwMCUyQzI0MCUyMDE2MDAlMkMwJTIwJTIyJTJGJTNFJTNDJTJGc3ZnJTNF[\/vc_raw_html][\/vc_column][\/vc_row][vc_row full_width=&#8221;stretch_row&#8221; css=&#8221;.vc_custom_1523955591831{margin-top: 0px !important;margin-bottom: 0px !important;padding-top: 0px !important;padding-bottom: 30px !important;}&#8221; el_class=&#8221;overflow-visible&#8221;][vc_column width=&#8221;1\/2&#8243; css=&#8221;.vc_custom_1523954331227{margin-top: -120px !important;margin-bottom: 0px !important;padding-top: 0px !important;padding-bottom: 0px !important;}&#8221;][vc_single_image image=&#8221;8977&#8243; img_size=&#8221;full&#8221; alignment=&#8221;center&#8221;][\/vc_column][vc_column css_animation=&#8221;fadeInUp&#8221; width=&#8221;1\/2&#8243; css=&#8221;.vc_custom_1530096804879{margin-top: 0px !important;margin-bottom: 0px !important;padding-top: 40px !important;padding-bottom: 0px !important;}&#8221;][vc_custom_heading text=&#8221;Marca\u00e7\u00e3o de Consultas e Atendimento&#8221; font_container=&#8221;tag:h3|font_size:40px|text_align:left|color:%230c121f|line_height:48px&#8221; use_theme_fonts=&#8221;yes&#8221; css=&#8221;.vc_custom_1569839108761{margin-top: 0px !important;margin-bottom: 25px !important;}&#8221;][vc_custom_heading text=&#8221;O nosso objectivo \u00e9 a satisfa\u00e7\u00e3o total dos nossos clientes, disponibilizando sempre um servi\u00e7o de excelente qualidade, que atenda \u00e0s suas necessidades, e que lhes proporcionem sa\u00fade visual, tecnologia, conforto e design.&#8221; font_container=&#8221;tag:div|font_size:18px|text_align:left|color:%230c121f|line_height:30px&#8221; use_theme_fonts=&#8221;yes&#8221; css=&#8221;.vc_custom_1569839192340{margin-top: 0px !important;margin-bottom: 32px !important;}&#8221;]\r<!-- radiantthemes-button -->\r<div class=\"radiantthemes-button hover-style-four  \"  data-button-direction=\"left\" data-button-fullwidth=\"false\"  data-button-icon-position=\"right\"><a style=\"\" class=\"radiantthemes-button-main\" href=\"https:\/\/www.multiolhar.pt\/marcacao-de-consultas\/\"  title=\"Marca\u00e7\u00e3o de Consultas\" target=\"_self\"><div class=\"placeholder\">CONSULTAS<i class=\"fa fa-long-arrow-right\"><\/i><\/div><\/a><\/div>\r<!-- radiantthemes-button -->\r[\/vc_column][\/vc_row][\/vc_section][vc_row][vc_column][vc_single_image image=&#8221;9086&#8243; img_size=&#8221;full&#8221; alignment=&#8221;center&#8221;][\/vc_column][\/vc_row][vc_row][vc_column][\/vc_column][\/vc_row]<\/p>\n","protected":false},"excerpt":{"rendered":"<p>[vc_section full_width=&#8221;stretch_row&#8221; css=&#8221;.vc_custom_1569511320325{margin-top: 0px !important;margin-bottom: 0px !important;padding-top: 0px !important;padding-bottom: 0px !important;background: #f2f2f2 url(https:\/\/multiolhar.pt\/wp-content\/uploads\/2018\/04\/Home-Seven-Banner-Background-Image.png?id=3149) !important;background-position: 0 0 !important;background-repeat: no-repeat !important;}&#8221; el_class=&#8221;background-position-left-top&#8221;][vc_row][vc_column][\/vc_column][\/vc_row][vc_row][vc_column][\/vc_column][\/vc_row][\/vc_section][vc_section full_width=&#8221;stretch_row&#8221; css=&#8221;.vc_custom_1569839990086{margin-top: 0px !important;margin-bottom: 0px !important;padding-top: 0px !important;padding-bottom: 0px !important;background-color: #e5eaea !important;}&#8221;][vc_row full_width=&#8221;stretch_row&#8221; css=&#8221;.vc_custom_1523952827196{margin-top: 0px !important;margin-bottom: 0px !important;padding-top: 0px !important;padding-bottom: 50px !important;}&#8221;][vc_column css=&#8221;.vc_custom_1523949992561{padding-top: 0px !important;padding-bottom: 0px !important;}&#8221;][vc_empty_space height=&#8221;72px&#8221;][vc_custom_heading text=&#8221;Prezamos por servi\u00e7os de excel\u00eancia com excelentes [&hellip;]<\/p>\n","protected":false},"author":1,"featured_media":0,"parent":0,"menu_order":0,"comment_status":"closed","ping_status":"closed","template":"","meta":[],"_links":{"self":[{"href":"https:\/\/www.multiolhar.pt\/site\/wp-json\/wp\/v2\/pages\/3765"}],"collection":[{"href":"https:\/\/www.multiolhar.pt\/site\/wp-json\/wp\/v2\/pages"}],"about":[{"href":"https:\/\/www.multiolhar.pt\/site\/wp-json\/wp\/v2\/types\/page"}],"author":[{"embeddable":true,"href":"https:\/\/www.multiolhar.pt\/site\/wp-json\/wp\/v2\/users\/1"}],"replies":[{"embeddable":true,"href":"https:\/\/www.multiolhar.pt\/site\/wp-json\/wp\/v2\/comments?post=3765"}],"version-history":[{"count":41,"href":"https:\/\/www.multiolhar.pt\/site\/wp-json\/wp\/v2\/pages\/3765\/revisions"}],"predecessor-version":[{"id":9164,"href":"https:\/\/www.multiolhar.pt\/site\/wp-json\/wp\/v2\/pages\/3765\/revisions\/9164"}],"wp:attachment":[{"href":"https:\/\/www.multiolhar.pt\/site\/wp-json\/wp\/v2\/media?parent=3765"}],"curies":[{"name":"wp","href":"https:\/\/api.w.org\/{rel}","templated":true}]}}